git of 344*(v/(-9) + (-19)/(-36))?
8
What is the units digit of (-1396 - -3)*(-20)/70 - 6?
2
Suppose 8*z = 6950 + 11386. What is the hundreds digit of z?
2
Suppose 0 = 3*c + 2*f - 2671, 895 = -0*c + c - 4*f. What is the hundreds digit of c?
8
What is the thousands digit of ((-1836)/(-24))/(-9)*(-314)/1?
2
Suppose 0 = v - 0*j - 3*j - 1, 3*v + 4*j + 36 = 0. Let w = v + 13. Suppose w*r = 23 + 7. What is the units digit of r?
6
Suppose -5*j + 5*s = -25, 5*s = -5*j + 4*j - 7. Suppose 4*q + j = -t - 0, 11 = -t - 2*q. Let o = 26 - t. What is the tens digit of o?
4
Let w(n) = n**2 + 6*n + 8. Let m be w(-5). Suppose -2*q + 5*q + 5 = -2*y, 0 = -m*y - q + 3. Let i = y - -19. What is the units digit of i?
1
Let g(j) = j**3 + 5*j**2 - 6*j + 4. Suppose 6*w + 36 = -0*w. Let a be g(w). Suppose o + 2*p + a = 0, -3*o + 0*o = 5*p + 8. What is the units digit of o?
4
Let u(r) = 2*r**3 + 3*r**2 + r + 100. What is the units digit of u(6)?
6
Suppose 9 = 3*x, 2*s - 2*x + 1 = x. Let h = s + -86. Let q = h + 117. What is the tens digit of q?
3
Suppose -4 = 5*l - 3*l. Let t be (-21)/l - (-5)/10. Suppose 3*q - 7 = p, p - q = 3*q - t. What is the units digit of p?
5
Suppose 5*r + f + 7 = 0, -r - f - f = 5. What is the tens digit of 107*(3 - 4)*r?
0
Let s = 568 - 29. What is the units digit of s?
9
Suppose 3*t - 4*u - 11 = u, -3*u - 13 = -5*t. Suppose -y + 1 - t = -3*a, 3*a + 4*y + 19 = 0. What is the units digit of a + 1 + 59 - -4?
3
Let g be (-1)/((-50)/15 - -3). Suppose 109 = g*z - 77. What is the units digit of z?
2
Let j(x) = 256*x**2 - 5*x + 22. What is the thousands digit of j(3)?
2
Let y(a) = 1. Let q(r) = 2*r - 4. Let u(s) = -5*q(s) - 20*y(s). What is the tens digit of u(-6)?
6
Let h(n) be the third derivative of n**5/15 - 19*n**4/24 - n**3/2 - 25*n**2. What is the tens digit of h(8)?
0
Suppose n + 3 = 8. Let p(t) = -5 + n*t - 3*t + 0 + t. What is the units digit of p(4)?
7
Let r be 1/3 + 5460/90. Suppose x - r = 4*h - 2*h, -5*x = 3*h - 253. What is the units digit of x?
3
Let o = -49 + 82. Suppose -5*z + 660 = 2*u, z - 2*u - o = 99. What is the tens digit of z?
3
What is the tens digit of (-2*5/30)/((-1)/2571)?
5
Let h(w) = -w + 1. Let x be h(-3). Let t = -22 + 11. What is the tens digit of x/1*(-3 - t)?
3
Let h = -495 + 963. What is the tens digit of h?
6
Suppose -2*s - 4*z + 6 = -4*s, -4*z + 21 = s. Let l(b) = 4*b - s*b + 6*b. What is the tens digit of l(4)?
2
Suppose -2*i + 5*i - 38 = -4*j, 0 = 4*i - 3*j - 59. Suppose 816 = 2*n + 2*n. Suppose -n = i*t - 17*t. What is the tens digit of t?
6
Let l = 9 + -8. Let c(a) = -a**3 + 7*a**2 + a - 5. Let r be c(7). Suppose 0 = -r*q + 7 - l. What is the units digit of q?
3
Suppose -12*w + 583 = -2477. What is the hundreds digit of w?
2
Let n(g) = -g**3 + 9*g**2 + 7*g + 4. Let c(x) = -x**3 + 8*x**2 + 6*x + 3. Let w(a) = -5*c(a) + 4*n(a). What is the tens digit of w(6)?
6
What is the hundreds digit of (-4 - -7) + (-4 - -161*5)?
8
Suppose 0 = j - 2*j + p, 4*p - 3 = 3*j. Suppose -o - o + n + 55 = 0, -2*n = j*o - 65. What is the tens digit of o?
2
Let i(o) = o**3 + 26*o**2 + 25*o + 2. Let r be i(-25). Suppose 4*b - 166 = -2*n, -5*b = -r*n - n + 238. What is the tens digit of n?
8
Let z be ((-6)/2)/((-3)/2). Let h(x) = 5*x**3 - x**2 + x - 2. What is the units digit of h(z)?
6
Suppose 5*p + 16 + 89 = 0. Let q = p - -57. What is the units digit of q?
6
Suppose -4*n = -0*n - 420. Suppose -49 = a - 2*a + 5*g, -3*a + g + n = 0. What is the tens digit of a?
3
Let h = 513 + 1184. What is the tens digit of h?
9
Let v(y) = -66*y**3 + 55*y**3 + 161*y**3. What is the hundreds digit of v(1)?
1
Let a(f) be the first derivative of 3*f**4/4 + f + 1. Let q be (176/24)/11*6/4. What is the units digit of a(q)?
4
Suppose 2*t - 8 = 0, -5*v + 3683 = 2*t - 9695. What is the tens digit of v?
7
Let d be (-6)/(-14) - (-180)/21. Let h(t) = 17*t - 69. What is the tens digit of h(d)?
8
Suppose -3*l - 2*g = -4799, 0 = -7*g + 5*g + 8. What is the hundreds digit of l?
5
Let u = 5 - -12. What is the units digit of u + (-2)/(-6)*6?
9
Let s = 17 - 26. Let x = s + 88. What is the tens digit of x?
7
Suppose 0 = -5*o + 4*i + 37, -o - o - 5 = 5*i. Let q be 3*((-22)/(-6) + -2). Suppose o*u = -q*v + v + 69, -4*v + 87 = -u. What is the units digit of v?
1
Let u(r) = -13*r + 17. Let s be ((-5)/10)/((-2)/(-24)). What is the units digit of u(s)?
5
What is the hundreds digit of ((-555)/(-6) + -1)/(4/8)?
1
Suppose d - 3 = -0*d. What is the units digit of (2/4)/(d/582)?
7
Suppose -9*s = -s + 128. What is the tens digit of s/(-88) - (-1615)/11?
4
Let q be (-1)/((2 + 0)/2)*-5. What is the hundreds digit of ((-231)/(-2) - q) + 1/2?
1
Suppose -p = -5*r - 0*p + 52, -3*p - 13 = -2*r. Let j(q) = q**2 - 3*q + 7. What is the units digit of j(r)?
5
Suppose 2*t + 200 = s, 5*s - 197 = 3*t + 782. What is the tens digit of s?
9
Suppose -20 = -0*w - 4*w. Suppose 0 = 8*o - w*o - 156. Let z = 81 - o. What is the tens digit of z?
2
Suppose -158 = -2*u + 3*m, 5*u + 0*u - m = 408. What is the tens digit of u?
8
Let v(n) = -2*n + 3. Let u(c) = 25*c**2 - c + 1. Let q be u(1). Suppose -o + q = -6*o. What is the units digit of v(o)?
3
Let t(c) = -c + 23. Let j be t(15). What is the units digit of (5 + -53)/((-6)/j)?
4
Let d(s) = s**3 + 11*s**2 + 8*s + 12. Let m = -18 + 7. Let o be d(m). Let k = -36 - o. What is the units digit of k?
0
Let d = -34 - -36. Suppose -x - d*a + 123 = 0, -2*x + 3*a + 576 = 3*x. What is the units digit of x?
7
Let w = 13 + -11. Let i be ((-4)/w)/((-6)/12). Suppose 5 = 5*j, -3*q - 2*q + 29 = i*j. What is the units digit of q?
5
Suppose p = -3*d + 4*d + 1, -4*p - 6 = d. Let t be (4/3 + p)*0. Suppose -c + 1 = -t*c. What is the units digit of c?
1
Let b(v) = -5*v**2 - 13*v + 16. Let z(f) = 2*f**2 + 4*f - 5. Let s(g) = 3*b(g) + 8*z(g). Let o be 180/(-15)*(-1)/2. What is the units digit of s(o)?
2
Let u be 213/18 + 2/12. Let o be ((-54)/u)/((-3)/4). What is the units digit of ((-189)/o)/(-3)*6?
3
Suppose 7 - 3 = 2*w. Suppose 10*b = w*b + 64. What is the units digit of b?
8
Suppose -4*n = -1200 - 1308. What is the units digit of n?
7
Let l(c) = 3*c - 20. Let n be l(6). What is the units digit of (n + 160)*(-2)/(-4)?
9
Let x be 28/35 - (-48)/40. Let i = 84 + -53. Let a = x + i. What is the units digit of a?
3
What is the thousands digit of 2915*(-5*8/20)/(-2)?
2
Let j(u) = -u - 1. Let r(i) = 54*i - 18. Let c(g) = 9*j(g) - r(g). What is the hundreds digit of c(-2)?
1
Let h(k) = -9*k + 4*k**2 - 3*k**2 - 2 + 11*k. Let b be h(-4). Suppose b = 3*u - 0*u. What is the units digit of u?
2
Suppose 4*z = -3*k + 5086, 2*z - 2060 = k + 478. What is the thousands digit of z?
1
Suppose 5*s - 11 = -546. Let t = 150 + s. Suppose a + a - 78 = -2*l, -3*l = a - t. What is the units digit of a?
7
Suppose y - 5 - 12 = -3*c, 2*y + 5*c = 32. Suppose y*s = 13*s - 268. What is the units digit of s?
4
Suppose -782 = 2*u - 1104. What is the hundreds digit of u?
1
Let c(d) = -d**2 - 17*d - 7. Let v be c(-14). What is the tens digit of (-152)/(-10) + (-7)/v?
1
Suppose z - 2*i - 72 - 313 = 0, -4*z - 4*i = -1540. What is the tens digit of z?
8
Suppose 0 = 2*b + 5*x - 35, -2*b + 34 = 13*x - 9*x. What is the tens digit of b?
1
Let z = 59 + -63. What is the units digit of (-1 + (z - -4))*339/(-3)?
3
Let u(n) be the second derivative of n**5/20 + 5*n**4/6 + 3*n**3/2 + 8*n**2 - 21*n. What is the units digit of u(-7)?
0
Let z(h) = -h. Let f(k) = 2*k**2 - 2*k - 10. Let b(w) = f(w) + 5*z(w). What is the tens digit of b(-4)?
5
Let b(y) = 153*y + 47. What is the hundreds digit of b(4)?
6
Let c be (-1)/((6/(-3))/(-42)). Let s = -13 - c. What is the tens digit of (s + 4)*(-22)/(-6)?
4
Suppose -5*y - 4*i + 20587 = -7*i, -4*i = 16. What is the thousands digit of y?
4
Let b(l) = -2*l**2 + 5*l + 15. Let w be b(4). Suppose 198 = w*t - 609. What is the tens digit of t?
6
Let g be (-3)/((1/(-3))/1). Suppose -q + g*l = 4*l - 23, -25 = -5*l. Suppose -2*o - 2*w + 10 = 0, -w = 4*o - 4*w - q. What is the units digit of o?
9
Let n be ((-3)/3 + 1)/2. Suppose 2*y + 0*c + 3*c + 6 = n, -2*c = y + 4. Suppose 3*i - 4*d = -y*i + 21, d = -3*i + 6. What is the units digit of i?
3
Let a = -56 + 35. Let u = a - -93. What is the units digit of u?
2
Let i = 114 - 63. Suppose i = 4*r - 3*y, -3*r - 2*y = 3*y - 2. What is the units digit of (-2)